0 = 2*z + 8 + 2. Let q be c/10*(-10 - z). Calculate the highest common divisor of q and 3.
3
Suppose -2*d + 2*i = -0*i - 342, 4*d = 2*i + 678. Suppose 5*o + d = o. Let a be (2 + -7)/(3/o). Calculate the greatest common factor of 14 and a.
14
Suppose -4*r + 3*v + 20 = 0, 2*v = 3*r - 9 - 6. Suppose -2 = -2*y, 2*y = r*k + 718 - 56. Let l = k + 276. Calculate the highest common divisor of l and 18.
18
Let o = 59 + -55. What is the highest common divisor of 116 and o?
4
Let d(q) = 17*q**2 + 7*q - 6. Let n be d(-3). What is the greatest common divisor of 63 and n?
63
Let y be (5/10*(-500)/1)/(-2). Suppose 10*c - y - 35 = 0. Calculate the greatest common factor of 24 and c.
8
Suppose -4*q + 900 = q. What is the greatest common divisor of q and 18?
18
Let h be 192/30 + -7 + (-266)/(-10). Calculate the greatest common factor of 416 and h.
26
Let a(k) = k**2 - 27*k + 4. Let i be a(19). Let m be (-4)/36 - i/36. What is the greatest common factor of m and 6?
2
Let v = -7 + 27. Suppose 2*d + v = 7*d - 5*p, 5*d = -3*p + 4. Suppose -38 = -3*a + 16. Calculate the greatest common factor of a and d.
2
Let m(d) = -2*d. Let w be m(-1). Suppose o - 51 = -w*o. Suppose -136 = -7*g + 3*g. What is the greatest common factor of o and g?
17
Suppose 2*m - 3 = -3*g, 5*m - 5*g + 0*g = -5. Let j = m + 16. What is the greatest common factor of 24 and j?
8
Suppose -87 = -2*s + 3*f, 5*f + 5 = s - 49. Suppose 2*c - 37*o + 38*o - 23 = 0, -45 = -3*c + 2*o. Calculate the highest common factor of s and c.
13
Let t = -36 + 60. Let n = 26 - t. Let u be (-36)/(-10) - 4/(-10). Calculate the greatest common divisor of u and n.
2
Suppose 336 = 203*v - 196*v. What is the highest common divisor of v and 448?
16
Suppose -46*c + 20*c = -1794. Calculate the highest common factor of 161 and c.
23
Suppose 0*c + c = 24. Let m = 41 - 38. Let n be 143/11 - -1*m. Calculate the greatest common divisor of n and c.
8
Let r = -273 - -282. Suppose 97 = 3*g + 31. Let n = 59 + g. What is the greatest common divisor of n and r?
9
Let y be (1 + 0)/((7 + -2)/60). Let o = -18 - -30. Calculate the greatest common divisor of o and y.
12
Suppose -y + 15 = -0*y. Suppose 0 = -2*t, 7*x - 10 = 5*x + 5*t. Let u be (-1)/(x/(-5)) + 4. What is the highest common divisor of u and y?
5
Let j = 11 + -5. Calculate the greatest common factor of 21 and j.
3
Suppose -9*h + 61 = -8*h + r, 4*r = 3*h - 218. Calculate the greatest common factor of h and 231.
33
Suppose 56 = 5*i + 31. Let v be 39*(20/12)/i. Calculate the highest common divisor of 13 and v.
13
Let o be ((-28)/(-3))/((-50)/(-75)). Let q(v) = 4*v**2 + 11*v + 7. Let j be q(-7). What is the greatest common factor of o and j?
14
Let h be (0 - -1)/(4/12). Let o(w) = -2*w**3 - 7*w**2 - 2*w + 9. Let f be o(-4). What is the highest common divisor of f and h?
3
Let a = 1844 - 1640. Let f be -1 + 39/(6 + -3). What is the highest common factor of f and a?
12
Let u(l) = -5*l**3 + 3*l**2 - 3*l - 2. Let j be u(-3). Let m = 10026 - 10013. Calculate the greatest common divisor of m and j.
13
Let z be (-4)/(-4) - -2 - 0. Let q be (-116)/(-3) - 2/3. Let v = q - 26. Calculate the highest common divisor of z and v.
3
Let u = 1068 + -1060. What is the highest common divisor of u and 3?
1
Suppose 0 = 22*h - 21*h + 5*b - 35, 3 = 3*b. What is the highest common divisor of 6 and h?
6
Let r(d) = 2*d**2 - 4*d - 2. Let u be r(4). Let k(y) = -y**3 + 8*y**2 + 6*y + 7. Let q be k(5). What is the greatest common divisor of u and q?
14
Suppose -5*l = 9*m - 14*m - 15, 5*m + 3 = -l. What is the greatest common factor of 3 and l?
1
Let n(c) = -4*c + 9. Let y be n(-4). Suppose 5*x = 125 - y. Calculate the greatest common divisor of 2 and x.
2
Suppose -6*n + 11*n = 330. Calculate the highest common factor of 12 and n.
6
Let k(j) = 2*j**3 + 4*j**2 + 3*j + 5. Let a(p) = -p**2 - p - 1. Let d(l) = 6*a(l) + 2*k(l). Let t be d(3). What is the highest common factor of t and 26?
26
Let r(p) = 11*p + 21*p - 8*p + 18*p. Let l be r(1). Calculate the highest common divisor of l and 28.
14
Suppose -3*f = -5*p - 1172, -10*p + 5*p - 788 = -2*f. Calculate the highest common divisor of f and 144.
48
Let s(x) = -58*x - 16. Let u be s(8). Let v be ((-6)/4)/(18/u). Calculate the greatest common factor of v and 100.
20
Suppose -x + 8 = x. Let m be (-171)/2052 + 337/12. What is the highest common factor of x and m?
4
Suppose 7*c - 4*c - 46 = d, 2*c + 3*d - 49 = 0. Calculate the greatest common divisor of c and 221.
17
Suppose -7*j - 72 - 26 = 0. Let k = j + 27. Calculate the greatest common divisor of k and 104.
13
Let h(c) = -3*c - 13. Let t be h(9). Let j be (384/t)/8*460/(-6). Calculate the highest common factor of 4 and j.
4
Let r be ((-141)/(-6) + 2)/((-147)/(-196)). Calculate the greatest common divisor of r and 544.
34
Let v(a) be the first derivative of 2*a**3/3 + 5*a**2 - 2*a - 2. Let x be v(-11). Suppose 7*n - 93 + 2 = 0. What is the highest common divisor of x and n?
13
Let c = 199 - 87. Let j be 40/(-3)*(-66)/55. What is the highest common divisor of j and c?
16
Let g(s) = -s**3 - 34*s**2 - 39*s + 177. Let r be g(-33). Calculate the greatest common factor of 50 and r.
25
Let g be (0 - -93)/(-4 + 5). Suppose -5*z = 5*d - 22 - g, 3*z - 113 = -5*d. Calculate the greatest common divisor of d and 154.
22
Suppose 9 = -t - 24. Let z = t + 50. Let p = 232 + -96. Calculate the greatest common factor of p and z.
17
Let z be (2 - (10 - 7))/((-1)/61). Let j = -5 + -12. Let w = z + j. Calculate the greatest common divisor of w and 11.
11
Let r = 356 + 164. Calculate the highest common factor of 52 and r.
52
Suppose 2*d - d = -3*c, -5*c - 4*d = 7. Calculate the greatest common divisor of c and 31.
1
Let i be ((-600)/96)/((-4)/192). What is the highest common factor of i and 240?
60
Let a = 622 + -206. What is the highest common divisor of 32 and a?
32
Suppose 5*b - 5*c - 40 = 0, -35 = -2*b - 2*b + 5*c. Suppose 0 = h + 4, -b*h = -2*x + 4*x - 20. What is the highest common divisor of x and 4?
4
Let n be 2/3 + (-12)/(-9). Let o = -4 - n. Let u be ((-22)/4)/(o/12). Calculate the highest common divisor of u and 55.
11
Let n be (-4 + 12)*1 + 1. Suppose -q = -10*q + n. Calculate the highest common divisor of 3 and q.
1
Let j = -133 - -229. Suppose 2*n + 0*n - j = 0. Suppose 113 = 3*p + 17. Calculate the highest common factor of p and n.
16
Suppose x + 0*x = 0. Suppose 0 = -4*f - v - x*v + 23, -5*v - 32 = -f. Calculate the highest common divisor of f and 77.
7
Suppose -2*u + 85 = -3*q, 2*u - 2*q + 0*q - 82 = 0. Let f = 108 + -13. What is the greatest common divisor of f and u?
19
Let a(f) = -7*f**2 - 70*f. Let z be a(-9). Calculate the highest common divisor of z and 27.
9
Suppose -5*m - 2*q = -398, q = -2*m - m + 239. What is the greatest common divisor of 120 and m?
40
Let y be 248 + (2 + -3)/(-1). Suppose -6*x - 561 - y = 0. Let z = x - -355. What is the highest common divisor of z and 20?
20
Let n be (1 + 86)*(-12)/(-18). What is the greatest common divisor of 522 and n?
58
Suppose 851 + 717 = 2*c. Calculate the highest common divisor of c and 16.
16
Let g(m) = m**3 - 15*m**2 - 3*m - 21. Let v be 60/9*12*3/15. Let q be g(v). What is the greatest common factor of q and 17?
17
Let w be (-12)/8*(-138)/9. Suppose 5*t = -4*c + 172 - w, -2*t + 46 = 5*c. Calculate the highest common divisor of t and 11.
11
Suppose 30 - 140 = -5*r. Calculate the highest common factor of r and 22.
22
Let b = 585 - 570. What is the highest common factor of 2325 and b?
15
Let d be (24/(-10) - -2) + (-388)/(-20). Calculate the greatest common factor of 57 and d.
19
Let v = -386 + 458. Let j(a) = -a**3 - 6*a**2 - 1. Let n be j(-7). What is the greatest common divisor of v and n?
24
Suppose x - v + 3 = 41, -5*x = v - 196. Suppose 0 = 2*c - 5*c - x. Let a = -10 - c. What is the greatest common factor of a and 1?
1
Suppose 0 = 3*t + 15, -5*w - 4*t + 42 = -43. Calculate the greatest common divisor of 903 and w.
21
Let q(f) = f**3 - 3*f**2 + 3*f - 6. Let z be q(4). Suppose z = -2*n + 72. Let v be 3 + 2 + -5 + 100. Calculate the highest common divisor of v and n.
25
Let p(m) = -4*m**3 + 5*m**2 + 9*m + 6. Let y be p(-3). Suppose -4*s - 4*h = -0*h - y, 4*s - 132 = 2*h. What is the greatest common divisor of s and 11?
11
Let z be 8 - (8 - -538)/(-6). Let y = -1 + 1